 the prime factors of 4 + -4 + j + 8.
7
List the prime factors of 81 - -1*0/2.
3
Suppose z - 104 = -4*o, -244 = -5*z + o + 255. Suppose 7*g = 3*g + z. What are the prime factors of g?
5
Let y be 1 - (0 + 3 - 0). Let s = y - 7. What are the prime factors of ((-3)/s - 1)*-3?
2
Let t(b) = b**2 - 1. What are the prime factors of t(-6)?
5, 7
Suppose -3*l + 5*l = 20. Let k(a) = -a**2 + 9*a + 12. What are the prime factors of k(l)?
2
Let p = 17 - -9. List the prime factors of p.
2, 13
Suppose 11*k = 15*k - 388. List the prime factors of k.
97
Let d(h) = -h**2 + 4*h + 7. Let p(r) = -2*r**2 + 7*r + 14. Let f(j) = 5*d(j) - 3*p(j). List the prime factors of f(-6).
5, 7
Let h(t) = 2*t**2 - 2*t - 2. Let p be h(2). Suppose 5*x - 24 = p*x. List the prime factors of x.
2
Let d(k) = -16*k - 5. List the prime factors of d(-3).
43
Let f(a) = -38*a**3 + 2*a**2 + 3*a + 2. List the prime factors of f(-1).
3, 13
Let l(d) = -d**2 + 30*d + 29. List the prime factors of l(17).
2, 5
What are the prime factors of -4 - (-5 - 294 - -5)?
2, 5, 29
Let c = 63 + -18. Let b be 2/((-6)/c) + 0. List the prime factors of ((-10)/b)/((-2)/(-6)).
2
List the prime factors of (-6 - -7)/((-2)/(-122)).
61
Let i be -7 + (-1 - (0 - 1)). Let h be (-12)/(-42) - 26/i. Suppose -5*z + 4*t = -20, -28 = -h*z - 2*t + 14. What are the prime factors of z?
2
List the prime factors of 11*6/((-2)/(-1)).
3, 11
Let b = -13 - -29. Suppose 0 = f - 2, -2*f = -3*z + 4*z - b. Suppose z = -0*n + n. What are the prime factors of n?
2, 3
Let c = 2 + -5. What are the prime factors of (8 - 1) + c/3?
2, 3
Let r be 15 - (-14 - -2)/(-4). Let v(i) = i**3 - 11*i**2 - 10*i + 18. List the prime factors of v(r).
2, 3, 7
Let y = 18 + 14. What are the prime factors of y?
2
Let b = -1 + -4. Suppose 0 = -4*t + 10*t + 12. Let s = t - b. What are the prime factors of s?
3
Let g = -1 + -1. List the prime factors of -2 - -14 - (-4)/g.
2, 5
Let u = 7 - -47. List the prime factors of u.
2, 3
Suppose 4*p = g + 5, 2*g - 4*p + 38 = 4*g. Let s = 24 - g. What are the prime factors of s?
13
Let g = -1 + 9. Suppose -4*n - g = 0, 5*d + 0 = -3*n + 29. What are the prime factors of d?
7
Let n be ((-6)/(-18))/(1/(-3)). List the prime factors of 14*((-3)/3)/n.
2, 7
Let l = 57 - -10. List the prime factors of l.
67
Let h(j) = j**3 + 6*j**2 - 6*j + 10. Let n be h(-7). Suppose -4*y + n*t = -t - 60, -y + 4*t + 6 = 0. List the prime factors of y.
2, 3
Let c(v) = v**2 - 4. Suppose x = 3*u + 14, -3*u + 0*u - 4 = x. What are the prime factors of c(u)?
5
Suppose -2*d + 0*d = -3*s + 5, 3*d + 3*s = 15. Let p = 7 + -15. Let v = d - p. What are the prime factors of v?
2, 5
List the prime factors of ((21/(-2))/(-3))/(2/176).
2, 7, 11
Suppose 5*j - 475 = 5. List the prime factors of j.
2, 3
Let f(g) = -7*g + 3*g + 6 + 5*g. What are the prime factors of f(-4)?
2
Suppose -4*w - 37 = -93. Let o = w + 9. What are the prime factors of o?
23
Suppose 5*k - 60 = 2*k. What are the prime factors of (48/k)/4*5?
3
List the prime factors of (-189)/(-45)*72/(-14)*-5.
2, 3
Let q be (1 - 3) + 12 + 0. Suppose -q = -3*o + 38. List the prime factors of o.
2
Let f(b) = 17*b**3 - b**2 - b + 1. Let x be f(1). What are the prime factors of 324/x + (-2)/8?
2, 5
Let z(w) = -w**2 - 40*w + 16. What are the prime factors of z(-13)?
367
Suppose 5*k + k = 96. Let j = k - -15. What are the prime factors of j?
31
Let p(i) = i + 10. Let b(s) = -s**2 + 3*s + 2. Let k be b(5). Let l be p(k). Suppose -4*z + l*z = j, -2*z + 2 = 2*j. List the prime factors of j.
2
Let v = -10 + 8. What are the prime factors of 12*(0 + v)/(-1)?
2, 3
Suppose 0 = -5*r + 114 - 429. What are the prime factors of r/(-6) + (-6)/(-4)?
2, 3
Let k(h) be the second derivative of -h**4/12 - 5*h**3/6 - h**2 - h. Let o(j) = -j**3 + 2*j**2 + 2*j. Let x be o(3). What are the prime factors of k(x)?
2
Let u(m) = -m**2 + 2*m**3 + 4 - 6*m**2 - m**3 - 2. List the prime factors of u(7).
2
Let f = -365 + 169. What are the prime factors of f/(-24) + 2/(-12)?
2
Let d be (0 - 2 - -1) + -23. Let h(b) = -b**2 - 6*b - 10. Let x be h(-6). Let y = x - d. What are the prime factors of y?
2, 7
Let i = 4 - 2. Suppose 0 = -m + 2, -s - i = -0*s - 2*m. List the prime factors of s.
2
Suppose -3*u = -u - 4. Suppose -u*g + 168 = g. What are the prime factors of g?
2, 7
Let o(i) = -9*i - 14. List the prime factors of o(-12).
2, 47
Suppose 0*l + 1 = -5*l + f, -3*f + 3 = 2*l. Let i(a) be the second derivative of a**4/12 + a**3/6 + 4*a**2 + 3*a. List the prime factors of i(l).
2
Let s = 2 - 0. Suppose s*j + 28 = 6*j. List the prime factors of j.
7
Let x(r) = 2*r**2 + 8*r + 5. What are the prime factors of x(-5)?
3, 5
Let w be 33/12 - 3/(-12). Suppose -z = w*o, 0 = -o + 6*o + 2*z. List the prime factors of (-21 + o)/(3/(-2)).
2, 7
Let l(q) = q**3 - 3*q**2 + 8*q - 10*q + q - 4. List the prime factors of l(4).
2
Let c(p) = p**3 - 7*p**2 - p + 8. Let g be c(7). Let f = g - -3. Suppose -f - 6 = 2*t, 2*s - t - 17 = 0. What are the prime factors of s?
2, 3
List the prime factors of (-3090)/(-20)*(-2)/6*-2.
103
List the prime factors of -3 + 46/(8/(-6) - -2).
2, 3, 11
Suppose -7 = 4*a - 23. Suppose -3*m - h = -2*m + a, -3*h - 10 = 5*m. List the prime factors of (m/3)/(6/72).
2
Let g(o) = o**2 - 3*o - 2. Let d be g(4). Let b be ((-1)/2)/(d/4). List the prime factors of 3/(6/(-10))*b.
5
Suppose 3*h + 5 - 3 = -r, 12 = -4*h + r. What are the prime factors of (30/9 + h)*9?
2, 3
Let f = -3 - -5. Suppose 50 - f = 4*c. Suppose j - 6*j + 70 = 5*z, 2*z = 2*j - c. What are the prime factors of j?
2, 5
What are the prime factors of (-76)/(-12) + 3/(-9)?
2, 3
Let k be 1/2 + 2/(-4). Suppose -g + k*g = 0. Suppose g*w + 5*w = 45. What are the prime factors of w?
3
List the prime factors of 15/(-3)*(-126)/15.
2, 3, 7
Suppose 17 = 5*g + 57. List the prime factors of 37 + (-4)/(g/(-6)).
2, 17
Let w(x) = 0*x - 5*x + 9 + 6*x + 6*x. What are the prime factors of w(4)?
37
Suppose -3*l = 2*l + 45. Suppose 0*o = -2*r - 3*o + 7, 3*r + 5*o = 12. Let q = r - l. What are the prime factors of q?
2
Let z(b) = -b**3 - b**2 + b - 69. Let c be z(0). Let h = c + 127. What are the prime factors of h?
2, 29
Suppose u + u - 10 = 0. Suppose -3*n + 32 = u*s + 6, 0 = -5*n - 4*s + 39. List the prime factors of n.
7
List the prime factors of 4 - 1*12/(-4).
7
Let x(f) = -f. Let d be x(1). Let t(a) be the second derivative of a**4/2 - a**3/6 + a. What are the prime factors of t(d)?
7
Suppose 110 = -3*r + 5*r - 2*s, -3*s = 0. Suppose -4*q + r = -9. List the prime factors of q.
2
Let t be (-4 - (-2 + -1)) + 5. Suppose t*v - v + 5*j - 50 = 0, 5*v + j = 54. List the prime factors of v.
2, 5
Let m(o) = o**3 - 4*o**2 + 3*o. Let a be m(3). Let u = a + 7. What are the prime factors of u?
7
Suppose -1 = s + 2. Let q(m) = 2*m - 5. Let w be q(5). What are the prime factors of (-1 - w)*(s - -2)?
2, 3
Let j = -39 - -81. What are the prime factors of j?
2, 3, 7
Let v(p) = -p**3 + p + 1. Let t(o) = -4*o**3 + 4*o**2 + 5*o + 5. Let s(x) = t(x) - 3*v(x). Let q be s(4). Suppose 3*z + 4 = q. What are the prime factors of z?
2
Let d(h) = -4*h**2 - 4*h - 2. Let j(z) = 9*z**2 + 8*z + 5. Let a(s) = -5*d(s) - 2*j(s). List the prime factors of a(-4).
2
Suppose -4*t - 2*z = -968, 14*t = 9*t - 2*z + 1209. List the prime factors of t.
241
Let b = 110 - 60. What are the prime factors of b?
2, 5
Suppose -3*s = -4*s - 119. List the prime factors of (-17)/s - 258/(-7).
37
Suppose 4*p - 12 = 3*t, 0 = -5*p - 4*t - 14 + 60. Let v = 13 - p. List the prime factors of v.
7
Suppose 0 = -3*p + 13 + 5. Suppose -3*c + 39 = 5*k, -2*c + 25 + p = 5*k. List the prime factors of c.
2
Let b = -593 + 840. List the prime factors of b.
13, 19
Suppose s + 0*s + 1 = 0. What are the prime factors of 4 - s/(-2)*-2?
5
Suppose 3*p = 2*s + s - 426, 567 = 4*s - 3*p. What are the prime factors of s?
3, 47
Suppose 2*o - r - 93 = 0, -r - 42 = -o + r. What are the prime factors of o?
2, 3
Let o = -4 + 6. Suppose -8 = 2*u, 0 = -5*h + o*h + 4*u + 67. List the prime factors of h.
17
Let i = -37 + 53. Suppose 0 = -0*v + 2*v - i. What are the prime factors of v?
2
Let i(y) = 12*y**2 - 8*y + 7. List the prime factors of i(3).
7, 13
Let x be 28 + 0/(2 + -3). Suppose 4*i + 8 = x. Suppose 0*c - c = -i. What are the prime factors of c?
5
Let d(o) = o**3 + 3*o**2 - 4*o + 4. L